 of s(1)?
113
Suppose 3*u + 2*u = -1535. Suppose 5*i = 3*i + 3*f + 915, -2*f - 455 = -i. Let p = i + u. List the prime factors of p.
2, 79
Suppose 2*l - 4*c - 19524 = 0, -30*l + 25*l + 48828 = 8*c. List the prime factors of l.
2, 2441
List the prime factors of -6 + (-7)/((-7)/1601).
5, 11, 29
Suppose 0 = 2*a + 4*m + 36, -a = -0*a - 5*m + 4. Let u be (-6458)/a - (-10)/(-35). Suppose -4*h + 376 = 5*c, 5*h + 5*c - u = c. List the prime factors of h.
89
List the prime factors of (102/918)/(1/(-6))*-26649.
2, 3, 7, 47
Suppose 36*r - 34*r - 14 = 0. Suppose 3*l = r + 2. Suppose 0 = w + l*w - 104. List the prime factors of w.
2, 13
Let f(p) = p**3 + 11*p**2 - 6*p + 17. Suppose 3*y + 27 = 3*l, 0 = -5*y - 2*l - 42 + 11. What are the prime factors of f(y)?
3, 5, 17
Let r be (-2)/(-3) - (0 - (-13)/(-3)). Suppose w - r = 5*d, -5*w + 2*d = -0*d - 71. Suppose 75 - w = 2*g. What are the prime factors of g?
2, 3, 5
Let t(z) = -z**3 + 35*z**2 + 39*z - 68. What are the prime factors of t(31)?
5, 997
Let t = -30 - -168. Suppose -o = -4, -z + 70 = -3*o - t. What are the prime factors of z?
2, 5, 11
Let b be (-2)/(3*1/12). Let m = 10 + b. Suppose 2431 = 13*i - m*i. What are the prime factors of i?
13, 17
Suppose 20*s - 24*s = 0. Suppose 2*r - 68 = -s*r - 4*c, -5*r + 5*c = -140. List the prime factors of r.
2, 3, 5
Let b be 24/2*(-3)/6. Let q be (-16)/(-48) - 64/b. Suppose 0*d + 2266 = q*d. What are the prime factors of d?
2, 103
Let d(g) be the third derivative of g**5/12 + g**4/24 - 37*g**3/3 + 3*g**2 - 31*g. What are the prime factors of d(-13)?
2, 379
Suppose 94324 = -4*g + f + 347706, 0 = 5*g + 4*f - 316696. What are the prime factors of g?
2, 37, 107
Let h = -13821 + 23366. List the prime factors of h/69 + 1/(-3).
2, 3, 23
Let o be 1 - 1 - (1 - 2)*0. Let q be -4*1*1/4*o. What are the prime factors of 210/(2 - q) + -4?
101
Let z be (3 - 665/(-45)) + (-2)/(-9). Let l be (z/12)/(1/6 - 0). What are the prime factors of 62 + -4 + l/(-3) + 5?
2, 3, 5
Suppose 12 = -3*l, 8*c - 11*c = 4*l - 41144. List the prime factors of c.
2, 5, 7
Let g be ((-1120)/21)/(-10)*(-3)/2. Let o(q) = -2*q**3 + 2*q**2 - 5*q - 18. Let v be o(g). Suppose 15*h - 1796 - v = 0. List the prime factors of h.
2, 3, 11
Let o be -1 + 49/35 + 1138/5. Suppose -3*z + 66 = -o. Suppose -5*a + 4*g = -219, 0*g - g = 2*a - z. What are the prime factors of a?
47
What are the prime factors of ((-510)/12)/(15/(-1074))?
17, 179
Let m = -15821 + 37024. What are the prime factors of m?
7, 13, 233
Let g = 4128 - 3767. What are the prime factors of g?
19
Let g(y) be the third derivative of 9*y**5/10 - 35*y**4/24 + 18*y**3 - 3*y**2 - 3. List the prime factors of g(3).
3, 163
Suppose 5*g + 289 = -3*x, -5*x = -3*g - 3*x - 181. Let s = g - -64. Suppose -s*w - 42 = -7*w. What are the prime factors of w?
3, 7
List the prime factors of (79 - (23 - 7))*(17 - -1).
2, 3, 7
Suppose -d = -9240 - 3122. List the prime factors of d.
2, 7, 883
Let j = 251 + -246. Suppose -2*q - 5*u = -1648, j*q + 2*u - 1410 = 2668. List the prime factors of q.
2, 11, 37
Let n = 73203 + -35049. What are the prime factors of n?
2, 3, 6359
Let n be -1 - ((-3656)/12)/((-4)/6). Let q = -269 - n. Suppose -3*i + 29 = l, -3*i + q = 5*l + i. List the prime factors of l.
41
Let s be (-10)/(-3) - 102/(-153). Suppose s*w + 10714 = 26*w. What are the prime factors of w?
487
Suppose -4*f - t = -70, t = -3*f - 4*t + 61. Let i(y) = -y**3 + 20*y**2 - 14*y - 75. List the prime factors of i(f).
2, 277
Let h be (6/18)/(2/(-18)). Let l be 20 + (0 - h)*-1. Suppose 360 = -l*s + 21*s. List the prime factors of s.
2, 3, 5
What are the prime factors of ((-1285473)/28)/(-3) - -6*(-4)/(-32)?
2, 1913
Suppose -2*j + 0 = b - 3, -5*j + 10 = 3*b. Suppose 0 = -b*f + 11*f + 882. Let i = -96 - f. What are the prime factors of i?
3, 17
Suppose 10*r - x = 3*x + 27860, 5596 = 2*r + 4*x. List the prime factors of r.
2, 17, 41
Suppose 8362796 = 49*v + 78*v + 42*v. List the prime factors of v.
2, 89, 139
Suppose 0 = 39*n + 132*n - 120428 - 204985. List the prime factors of n.
11, 173
Let a(t) = 3*t**3 + 16*t**2 + 24 - 3*t**3 + t**3 + 11*t. List the prime factors of a(-13).
2, 97
Let b = -22363 - -39184. What are the prime factors of b?
3, 7, 89
Let s be (-4 - (-890)/25)/(4/340). Let u = -1821 + s. List the prime factors of u.
5, 173
Suppose -4*q + 2*g = -1340, -5*q + g - 109 = -1778. Suppose -10*r + q = -377. List the prime factors of r.
71
Let k(m) be the first derivative of m**5/10 + m**4/4 + m**3 - 5*m**2/2 - m - 15. Let a(u) be the first derivative of k(u). What are the prime factors of a(2)?
5, 7
Suppose -2*n + 3*s + s = -10, n + 3*s = -15. Let m be n/2 + 39/26. Suppose l - 97 - 164 = m. What are the prime factors of l?
3, 29
Suppose 4*a = -3*w + 8*w + 24, -15 = 5*w + 5*a. Let t be (w/6 - -2)*(-6)/(-4). Suppose 3*i = t*j + 450, -346 = 4*i + j - 957. What are the prime factors of i?
2, 19
Suppose -3*a + 587 = 3*o - 4651, -25 = 5*o. List the prime factors of a.
17, 103
Suppose -36 = 9*i - 15*i. Suppose -5*q - g + 800 = 0, 8*g = i*g + 10. What are the prime factors of q?
3, 53
Let q(b) = -b**2 - 30*b + 36. Let j be 70/28*(-5)/(50/124). List the prime factors of q(j).
5
Let f(a) = -a**3 + 36*a**2 - 122*a + 7. What are the prime factors of f(15)?
2, 1451
Let s be (1/(4/8))/((-2)/(-11)). Suppose -1038 = -s*w + 986. List the prime factors of w.
2, 23
Suppose 0 = 15*t + 93 - 1113. Suppose 66*c + 620 = t*c. What are the prime factors of c?
2, 5, 31
Let h(z) = -5*z**3 - 22*z**2 + 19*z + 63. Let c be h(-18). Suppose -6444 + c = 21*x. What are the prime factors of x?
3
Let q = -405 - -3880. What are the prime factors of q?
5, 139
Let w(a) = -175*a**3 + 7*a**2 + 49*a + 108. What are the prime factors of w(-6)?
2, 3, 6311
Let i(l) = -2*l**2 - 10*l + 20. Let b be i(-6). Suppose 0 = 4*g - 16, -3*y - b*g + 12*g + 1454 = 0. List the prime factors of y.
2, 5, 7
Let b(p) be the first derivative of 10*p**2 + 3 + 2*p + 4/3*p**3. List the prime factors of b(-6).
2, 13
Let g = 81680 - 48295. List the prime factors of g.
5, 11, 607
Suppose 51*g = 54*g + 30. Let x(r) = 5*r**2 + 14*r + 33. Let i be x(g). Let a = i + -234. List the prime factors of a.
3, 53
Let r(c) = 11*c + 4*c + c. Let v be r(8). Suppose -b + v = b. What are the prime factors of b?
2
Let c(h) = 19*h + 9 - 12*h - 13*h - 4*h**3 - 12*h**2. Let f be c(-6). Suppose 43*y = 46*y - f. List the prime factors of y.
3, 53
Suppose 60*c + 34*c - 719576 = 6*c. List the prime factors of c.
13, 17, 37
Let q = 10385 + 802. List the prime factors of q.
3, 11, 113
Let c = 9672 + -3890. What are the prime factors of c?
2, 7, 59
Suppose -4*h + 49 = 3*k, 3*h = 1 + 11. Let s be ((-95)/3)/(2/(-3))*2. Suppose -96*p = -s*p - k. What are the prime factors of p?
11
Let t(d) = d**3 - 10*d**2 - 12*d - 2. Let o be t(12). Suppose 5*v - o = 7*v. Let p = v + 122. What are the prime factors of p?
3, 17
What are the prime factors of 318/3*3741/58?
3, 43, 53
Suppose 1287*h + 155904 = 1316*h. What are the prime factors of h?
2, 3, 7
Let p(d) = 3*d + 43. Let w be p(-13). Let m be w + -3 - -64 - 0. Let c = m - 27. List the prime factors of c.
2, 19
Suppose -3*f + 9 + 33 = 0. Suppose -f*u = -8*u - 486. Suppose 2*h - 266 = 4*r, -r = -h + u + 57. List the prime factors of h.
11, 13
Let x = -225 - -232. Suppose -v = -1, -4*j + x*j - 2*v = 1531. What are the prime factors of j?
7, 73
Let i(m) = -1774*m**3 + 4*m**2 + m - 2. What are the prime factors of i(-1)?
5, 71
Suppose -64*d + 92*d = 56. What are the prime factors of 554 - -1*d/2?
3, 5, 37
Suppose -14*o = o + 17325. Let p = o + 1976. What are the prime factors of p?
821
Suppose 4*j - 2*a + 36 = 0, -7 = -j - 3*a - 30. What are the prime factors of 2/(-2) - j*125?
2, 3, 229
Suppose 3*n + 98 = 104, -5*j = 2*n - 195709. List the prime factors of j.
3, 4349
Let i = -254 - -17. Let w = i - -377. List the prime factors of w.
2, 5, 7
Suppose 0*x + 45 = 5*a + 4*x, 4*a - 36 = 2*x. Let v(n) = 3*n - 29. Let q be v(a). What are the prime factors of 1/q*(25 - 33)?
2
Suppose -3*z - 1045 = -5*x, 12*x - 9*x + 3 = 0. Let v = 644 + z. List the prime factors of v.
2, 3, 7
Let x(k) = k**2 - k - 8. Let h be x(5). Suppose 286 = h*r - 146. What are the prime factors of r?
2, 3
Let j be 83 + 8/(-1) + (-2)/2. Let p = j - 98. List the prime factors of 76*